{"id":3401,"date":"2023-09-05T11:23:55","date_gmt":"2023-09-05T09:23:55","guid":{"rendered":"https:\/\/togoexotique.com\/?product=colle-colle-30g"},"modified":"2026-03-23T08:43:33","modified_gmt":"2026-03-23T07:43:33","slug":"colle-colle-30g","status":"publish","type":"product","link":"https:\/\/togoexotique.com\/?product=colle-colle-30g","title":{"rendered":"coll\u00e9 coll\u00e9 30G"},"content":{"rendered":"<p>La plante coller serrer est aussi appel\u00e9e Nonronnamba, cette herbe aux vertus b\u00e9n\u00e9fiques est essentiellement connue pour les soins intimes de la femme.<\/p>\n<p>C&rsquo;est une plante qui pique elle s&rsquo;utilise principalement pour pimenter son couple ou pour redonner les sensations de premi\u00e8re fois utilis\u00e9 par les femmes<\/p>\n<p>Points forts<\/p>\n<p>Cette plante peut \u00eatre aussi utilis\u00e9e pour ses bienfaits:<\/p>\n<p>-assainissants<\/p>\n<p>-antiseptiques<\/p>\n<p>Conseil d&rsquo;utilisation du coller serrer<\/p>\n<p>utilisation<\/p>\n<ul>\n<li>Tout d\u2019abord, nettoyez la plante le Coller Serrer (Nonr\u00f4nah) et  le faire bouillir avec les  feuilles (de Dj\u00e9ka et Gongoli) ou seule.<\/li>\n<\/ul>\n<p>Laissez infuser le coll\u00e9 serr\u00e9 ;<\/p>\n<p>Lorsque l\u2019eau est ti\u00e8de, on peut soit:<\/p>\n<p>Faire un si\u00e8ge de vapeur ou faire sa toilette avec.<\/p>\n<ul>\n<li>On peut aussi l\u2019utiliser comme encens en le mettant  dans un bruleur ou sur des braises et laisser monter la fum\u00e9e vers sa partie intime.<\/li>\n<\/ul>\n<p>1 boule permet plusieurs utilisations diviser la en 5, une boule p\u00e8se 30G<\/p>\n","protected":false},"excerpt":{"rendered":"<p>La plante coller serrer est aussi appel\u00e9e Nonronnamba, cette herbe aux vertus b\u00e9n\u00e9fiques est essentiellement connue pour les soins intimes de la femme. C&rsquo;est une plante qui pique elle s&rsquo;utilise principalement pour pimenter son couple ou pour redonner les sensations de premi\u00e8re fois utilis\u00e9 par les femmes Points forts Cette plante peut \u00eatre aussi utilis\u00e9e [&hellip;]<\/p>\n","protected":false},"featured_media":3399,"template":"","meta":{"_coblocks_attr":"","_coblocks_dimensions":"","_coblocks_responsive_height":"","_coblocks_accordion_ie_support":"","_crdt_document":"","advanced_seo_description":"","jetpack_seo_html_title":"","jetpack_seo_noindex":false,"ocean_post_layout":"","ocean_both_sidebars_style":"","ocean_both_sidebars_content_width":0,"ocean_both_sidebars_sidebars_width":0,"ocean_sidebar":"","ocean_second_sidebar":"","ocean_disable_margins":"enable","ocean_add_body_class":"","ocean_shortcode_before_top_bar":"","ocean_shortcode_after_top_bar":"","ocean_shortcode_before_header":"","ocean_shortcode_after_header":"","ocean_has_shortcode":"","ocean_shortcode_after_title":"","ocean_shortcode_before_footer_widgets":"","ocean_shortcode_after_footer_widgets":"","ocean_shortcode_before_footer_bottom":"","ocean_shortcode_after_footer_bottom":"","ocean_display_top_bar":"default","ocean_display_header":"default","ocean_header_style":"","ocean_center_header_left_menu":"","ocean_custom_header_template":"","ocean_custom_logo":0,"ocean_custom_retina_logo":0,"ocean_custom_logo_max_width":0,"ocean_custom_logo_tablet_max_width":0,"ocean_custom_logo_mobile_max_width":0,"ocean_custom_logo_max_height":0,"ocean_custom_logo_tablet_max_height":0,"ocean_custom_logo_mobile_max_height":0,"ocean_header_custom_menu":"","ocean_menu_typo_font_family":"","ocean_menu_typo_font_subset":"","ocean_menu_typo_font_size":0,"ocean_menu_typo_font_size_tablet":0,"ocean_menu_typo_font_size_mobile":0,"ocean_menu_typo_font_size_unit":"px","ocean_menu_typo_font_weight":"","ocean_menu_typo_font_weight_tablet":"","ocean_menu_typo_font_weight_mobile":"","ocean_menu_typo_transform":"","ocean_menu_typo_transform_tablet":"","ocean_menu_typo_transform_mobile":"","ocean_menu_typo_line_height":0,"ocean_menu_typo_line_height_tablet":0,"ocean_menu_typo_line_height_mobile":0,"ocean_menu_typo_line_height_unit":"","ocean_menu_typo_spacing":0,"ocean_menu_typo_spacing_tablet":0,"ocean_menu_typo_spacing_mobile":0,"ocean_menu_typo_spacing_unit":"","ocean_menu_link_color":"","ocean_menu_link_color_hover":"","ocean_menu_link_color_active":"","ocean_menu_link_background":"","ocean_menu_link_hover_background":"","ocean_menu_link_active_background":"","ocean_menu_social_links_bg":"","ocean_menu_social_hover_links_bg":"","ocean_menu_social_links_color":"","ocean_menu_social_hover_links_color":"","ocean_disable_title":"default","ocean_disable_heading":"default","ocean_post_title":"","ocean_post_subheading":"","ocean_post_title_style":"","ocean_post_title_background_color":"","ocean_post_title_background":0,"ocean_post_title_bg_image_position":"","ocean_post_title_bg_image_attachment":"","ocean_post_title_bg_image_repeat":"","ocean_post_title_bg_image_size":"","ocean_post_title_height":0,"ocean_post_title_bg_overlay":0.5,"ocean_post_title_bg_overlay_color":"","ocean_disable_breadcrumbs":"default","ocean_breadcrumbs_color":"","ocean_breadcrumbs_separator_color":"","ocean_breadcrumbs_links_color":"","ocean_breadcrumbs_links_hover_color":"","ocean_display_footer_widgets":"default","ocean_display_footer_bottom":"default","ocean_custom_footer_template":"","omw_enable_modal_window":"enable","jetpack_publicize_message":"","jetpack_publicize_feature_enabled":true,"jetpack_social_post_already_shared":true,"jetpack_social_options":{"image_generator_settings":{"template":"highway","default_image_id":0,"font":"","enabled":false},"version":2},"_wpas_customize_per_network":false},"product_brand":[],"product_cat":[755797296,755797511,755797508,755797510,755797507,755797509,755797170],"product_tag":[755797512,755797513],"class_list":{"0":"post-3401","1":"product","2":"type-product","3":"status-publish","4":"has-post-thumbnail","6":"product_cat-medecine-traditionnelle","7":"product_cat-parf","8":"product_cat-special-cameroun","9":"product_cat-special-cote-divoire","10":"product_cat-special-senegal","11":"product_cat-special-togo","12":"product_cat-tous-nos-produits","13":"product_tag-colle-colle","14":"product_tag-colle-serrer","16":"entry","17":"has-media","19":"first","20":"instock","21":"taxable","22":"shipping-taxable","23":"purchasable","24":"product-type-simple","25":"has-product-nav","26":"col","27":"span_1_of_3","28":"owp-content-center","29":"owp-thumbs-layout-horizontal","30":"owp-btn-big","31":"owp-tabs-layout-horizontal"},"bundled_by":[],"bundle_stock_status":"instock","bundle_stock_quantity":4,"bundle_virtual":false,"bundle_layout":"","bundle_add_to_cart_form_location":"","bundle_editable_in_cart":false,"bundle_sold_individually_context":"","bundle_item_grouping":"","bundle_min_size":"","bundle_max_size":"","bundle_price":[],"bundled_items":[],"bundle_sell_ids":[],"group_of_quantity":0,"min_quantity":0,"max_quantity":"","exclude_order_quantity_value_rules":"no","exclude_category_quantity_rules":"no","combine_variations":"no","exclude_global_add_ons":[],"addons":[],"jetpack_publicize_connections":[],"jetpack_sharing_enabled":true,"jetpack_likes_enabled":true,"_links":{"self":[{"href":"https:\/\/togoexotique.com\/index.php?rest_route=\/wp\/v2\/product\/3401","targetHints":{"allow":["GET"]}}],"collection":[{"href":"https:\/\/togoexotique.com\/index.php?rest_route=\/wp\/v2\/product"}],"about":[{"href":"https:\/\/togoexotique.com\/index.php?rest_route=\/wp\/v2\/types\/product"}],"wp:featuredmedia":[{"embeddable":true,"href":"https:\/\/togoexotique.com\/index.php?rest_route=\/wp\/v2\/media\/3399"}],"wp:attachment":[{"href":"https:\/\/togoexotique.com\/index.php?rest_route=%2Fwp%2Fv2%2Fmedia&parent=3401"}],"wp:term":[{"taxonomy":"product_brand","embeddable":true,"href":"https:\/\/togoexotique.com\/index.php?rest_route=%2Fwp%2Fv2%2Fproduct_brand&post=3401"},{"taxonomy":"product_cat","embeddable":true,"href":"https:\/\/togoexotique.com\/index.php?rest_route=%2Fwp%2Fv2%2Fproduct_cat&post=3401"},{"taxonomy":"product_tag","embeddable":true,"href":"https:\/\/togoexotique.com\/index.php?rest_route=%2Fwp%2Fv2%2Fproduct_tag&post=3401"}],"curies":[{"name":"wp","href":"https:\/\/api.w.org\/{rel}","templated":true}]}}